What are the prime factors of 2439291645?
3, 5, 7, 29, 89009
List the prime factors of 113707907.
31, 3667997
List the prime factors of 2006178679.
8951, 224129
What are the prime factors of 132145519?
11, 12013229
What are the prime factors of 876161627?
11, 79651057
List the prime factors of 16947322.
2, 7, 1210523
What are the prime factors of 1692695014?
2, 59, 14344873
What are the prime factors of 3678337075?
5, 7, 21019069
What are the prime factors of 927646218?
2, 3, 51535901
List the prime factors of 77008558.
2, 11, 19, 184231
List the prime factors of 6067774.
2, 733, 4139
List the prime factors of 2738101789.
7253, 377513
List the prime factors of 1432517681.
7, 204645383
What are the prime factors of 346190929?
7, 1009303
List the prime factors of 8655960536.
2, 1081995067
What are the prime factors of 2855587141?
11, 103, 929, 2713
What are the prime factors of 280019149?
197, 1421417
What are the prime factors of 206390573?
349, 591377
What are the prime factors of 6120787517?
13, 79, 5959871
List the prime factors of 1061982264.
2, 3, 7, 6321323
What are the prime factors of 78067778?
2, 39033889
List the prime factors of 82889401.
7, 23, 514841
What are the prime factors of 967239856?
2, 11, 41, 311, 431
List the prime factors of 48895072.
2, 1527971
List the prime factors of 68385211.
53, 1290287
What are the prime factors of 801626422?
2, 6263, 63997
List the prime factors of 1325407047.
3, 441802349
What are the prime factors of 8205063?
3, 2735021
What are the prime factors of 54644909?
11, 31, 191, 839
List the prime factors of 791285789.
7, 179, 631513
List the prime factors of 88963466.
2, 37, 983, 1223
What are the prime factors of 127884033?
3, 223, 63719
What are the prime factors of 45823259?
439, 104381
List the prime factors of 760054406.
2, 83, 179, 25579
What are the prime factors of 734071832?
2, 13, 17, 67, 6197
List the prime factors of 42558010.
2, 5, 11, 386891
List the prime factors of 66707234.
2, 11, 1103, 2749
What are the prime factors of 1190850595?
5, 11, 17, 1273637
What are the prime factors of 1226142481?
271, 557, 8123
What are the prime factors of 694627639?
7823, 88793
List the prime factors of 458863505.
5, 91772701
List the prime factors of 60305888.
2, 47, 101, 397
What are the prime factors of 59813587?
59813587
List the prime factors of 8691907.
7, 23, 53987
List the prime factors of 61152899.
199, 307301
What are the prime factors of 462713933?
11, 6317, 6659
What are the prime factors of 237531854?
2, 7, 17, 97, 10289
List the prime factors of 27115640.
2, 5, 677891
What are the prime factors of 98485963?
727, 135469
What are the prime factors of 2001949912?
2, 277, 903407
List the prime factors of 321835773.
3, 7, 41, 67, 797
List the prime factors of 39243344.
2, 7, 17, 20611
What are the prime factors of 426445809?
3, 71, 2002093
What are the prime factors of 782479560?
2, 3, 5, 643, 10141
List the prime factors of 108638633.
108638633
What are the prime factors of 443387429?
443387429
What are the prime factors of 27388725?
3, 5, 7, 13, 4013
List the prime factors of 536169008.
2, 23, 63347
What are the prime factors of 812236274?
2, 406118137
What are the prime factors of 413583841?
11, 283, 132857
List the prime factors of 4018903188.
2, 3, 3001, 111599
What are the prime factors of 282851999?
23, 12297913
What are the prime factors of 2525080932?
2, 3, 11, 1321, 1609
List the prime factors of 101163464.
2, 17, 743849
What are the prime factors of 218640023?
7, 31234289
What are the prime factors of 3714680157?
3, 37, 33465587
List the prime factors of 396410022.
2, 3, 2393, 9203
What are the prime factors of 625824034?
2, 11, 557, 51071
What are the prime factors of 38102294?
2, 19051147
What are the prime factors of 262416972?
2, 3, 21868081
List the prime factors of 1081694667.
3, 37, 9744997
List the prime factors of 218497398.
2, 3, 7, 1109, 4691
What are the prime factors of 898530571?
53, 199, 85193
List the prime factors of 74089439.
79, 937841
List the prime factors of 259725824.
2, 73, 6949
List the prime factors of 274445529.
3, 1531, 59753
What are the prime factors of 137123941?
9257, 14813
List the prime factors of 709371794.
2, 359, 987983
List the prime factors of 220717974.
2, 3, 163, 225683
List the prime factors of 1758960.
2, 3, 5, 7, 349
What are the prime factors of 636706981?
4877, 130553
What are the prime factors of 52296055?
5, 7, 743, 2011
What are the prime factors of 2694219648?
2, 3, 1663, 4219
List the prime factors of 825446241.
3, 19, 23, 69959
What are the prime factors of 4215748155?
3, 5, 911, 308507
What are the prime factors of 303661636?
2, 75915409
List the prime factors of 25497416.
2, 7, 17, 26783
List the prime factors of 847646231.
17, 401, 124343
What are the prime factors of 274878404?
2, 59, 83, 14033
What are the prime factors of 1321532326?
2, 631, 1047173
List the prime factors of 117350355.
3, 5, 7823357
What are the prime factors of 4338678756?
2, 3, 37, 137, 71327
What are the prime factors of 750601?
17, 67, 659
List the prime factors of 1277691976.
2, 11, 29, 179, 2797
What are the prime factors of 43574078?
2, 4093, 5323
List the prime factors of 7531661927.
7531661927
What are the prime factors of 619588094?
2, 179, 1730693
What are the prime factors of 7329574138?
2, 9157, 400217
What are the prime factors of 108030927?
3, 3739, 9631
What are the prime factors of 1783711940?
2, 5, 139, 641623
List the prime factors of 275515110.
2, 3, 5, 13, 235483
What are the prime factors of 1216484912?
2, 17, 4472371
What are the prime factors of 1660749511?
19, 1721, 50789
List the prime factors of 59749839.
3, 353, 6269
What are the prime factors of 400277372?
2, 11, 23, 29, 593
What are the prime factors of 195830985?
3, 5, 7, 1865057
List the prime factors of 46752237.
3, 7, 197, 3767
What are the prime factors of 4213423698?
2, 3, 11, 19, 3359987
What are the prime factors of 1687481498?
2, 843740749
List the prime factors of 33349353.
3, 11116451
What are the prime factors of 18060427?
7, 11, 79, 2969
List the prime factors of 573755424.
2, 3, 11, 23, 23623
List the prime factors of 13846248.
2, 3, 13, 4931
List the prime factors of 4373600549.
4373600549
List the prime factors of 77216505.
3, 5, 31, 211, 787
List the prime factors of 442621966.
2, 67, 3303149
What are the prime factors of 1655972659?
11, 379, 397211
List the prime factors of 1158554417.
149, 7775533
What are the prime factors of 675968579?
11, 13, 271, 17443
What are the prime factors of 108190054?
2, 7, 107, 72223
List the prime factors of 754437033.
3, 7, 17, 53, 13291
What are the prime factors of 793124899?
7, 113303557
List the prime factors of 1505822614.
2, 233, 3231379
List the prime factors of 147923539.
147923539
List the prime factors of 10465318.
2, 5232659
What are the prime factors of 1082551736?
2, 7, 83, 232907
List the prime factors of 1320762447.
3, 19, 457, 16901
List the prime factors of 307966176.
2, 3, 7, 139, 157
What are the prime factors of 66011947?
19, 3474313
List the prime factors of 645145829.
47, 13726507
What are the prime factors of 3726046?
2, 23, 81001
List the prime factors of 78322903.
1063, 73681
What are the prime factors of 49796858?
2, 24898429
List the prime factors of 2044922299.
7, 17, 1621, 10601
What are the prime factors of 241070778?
2, 3, 13, 17, 60601
List the prime factors of 581496824.
2, 19, 3825637
What are the prime factors of 52679869?
11, 181, 26459
What are the prime factors of 35714617?
179, 199523
List the prime factors of 264146551.
9181, 28771
List the prime factors of 2715332110.
2, 5, 307, 563, 1571
List the prime factors of 244610580.
2, 3, 5, 103, 39581
What are the prime factors of 433760790?
2, 3, 5, 167, 86579
List the prime factors of 83232836.
2, 109, 190901
List the prime factors of 327495357.
3, 7, 113, 179, 257
What are the prime factors of 22537086?
2, 3, 11, 13, 26267
What are the prime factors of 1102792767?
3, 367597589
List the prime factors of 1492499695.
5, 59, 5059321
List the prime factors of 256236911.
7, 103, 277, 1283
What are the prime factors of 804254307?
3, 268084769
What are the prime factors of 4077204558?
2, 3, 7, 59, 587, 2803
What are the prime factors of 736147002